{"id":2,"date":"2016-05-10T03:48:21","date_gmt":"2016-05-10T03:48:21","guid":{"rendered":"http:\/\/trading.stereotrader.de\/?page_id=2"},"modified":"2024-09-25T22:12:20","modified_gmt":"2024-09-25T21:12:20","slug":"sample-page","status":"publish","type":"page","link":"https:\/\/www.dirkhilger.de\/","title":{"rendered":"Herzlich Willkommen!"},"content":{"rendered":"<p>Mein Name ist Dirk Hilger und ich bin der Entwickler der Plattform StereoTrader.<\/p>\n<p>Im <strong>Januar 2018<\/strong> habe ich diesen Blog begonnen um DayTradern meine Sicht auf die M\u00e4rkte zu vermitteln sowie Trading-Chancen zu beschreiben. Gleichzeitig war die Gruppe &#8222;Traders Club StereoTrader&#8220; bei Facebook Anlaufstelle f\u00fcr meinen Blog, f\u00fcr StereoTrader-User und sonstige Interessierte.<\/p>\n<p>Im <strong>Juli 2023<\/strong> begann ich parallel auf YouTube den Inhalt zu beschreiben und zu streamen.<\/p>\n<p>Im <strong>Januar 2024<\/strong> wurde dann der Kalendertag von 24 Stunden auf sodann 30 Stunden erweitert. Ok, stimmt nicht, aber es w\u00e4re hilfreich gewesen, um alles unter einen Hut zu bekommen, denn ich bin ja nicht nur Trader, Streamer, Blogger, sondern &#8222;nebenbei&#8220; auch noch Entwickler des StereoTrader, was allein schon ein Fulltime-Job ist.<\/p>\n<p><strong>Mitte 2024<\/strong> jedenfalls habe ich dann den Discord-Server von Andreas Bernstein \u00fcbernommen und Facebook eingestellt. Auch eingestellt habe ich die t\u00e4glichen Verlinkungen im Blog, weil es einfach too much ist, jede Nacht nicht nur zu streamen sondern auch noch Blog zu aktualisieren, Facebook zu posten etc.<\/p>\n<p><strong>Now &#8211; <\/strong>und da stehen wir nun auch: Meine Sicht auf die M\u00e4rkte sowie LiveTradings gibt es regelm\u00e4ssig auf <a href=\"http:\/\/youtube.com\/@StereoTrading\">YouTube<\/a>, weiteren Input dazu auf <a href=\"https:\/\/discord.gg\/RpUS9evYEQ\">Discord<\/a>. Dort gibt es auch einen Kanal der sich rund um den StereoTrader selbst dreht und wo man sich gegenseitig mit Fragen dazu hilft. Alles Sonstige habe ich eingestellt.<\/p>\n<p>Wenn du mich f\u00fcr meine Streams unterst\u00fctzen willst, dann gibt es dazu zwei M\u00f6glichkeiten:<\/p>\n<ol>\n<li>Hol dir den StereoTrader, entweder bei einem <a href=\"https:\/\/bit.ly\/JFD_StereoTrader\">Partner-Broker<\/a> (kostenlos) oder bei <a href=\"https:\/\/www.digistore24.com\/product\/86375\">DigiStore24<\/a> (kostenpflichtig) direkt.<\/li>\n<li>Schnapp dir das <a href=\"https:\/\/www.dirkhilger.de\/?page_id=759\">LiveChart-AddOn,<\/a> damit hast du alle Levels die ich t\u00e4glich zeige in deinem Chart, und bekommst Aktualisierungen intraday.<\/li>\n<\/ol>\n<p>In diesem Sinne, euch allen gutes Gelingen und viel Erfolg beim t\u00e4glichen Handel!<\/p>\n<p>Wir sehen uns bei YouTube \ud83d\ude42<br \/>\nDirk<\/p>\n<p><a href=\"http:\/\/youtube.com\/@StereoTrading\"><img loading=\"lazy\" decoding=\"async\" class=\"alignnone wp-image-7205\" src=\"https:\/\/www.dirkhilger.de\/wp-content\/uploads\/2024\/08\/Reference.png\" alt=\"\" width=\"185\" height=\"104\" srcset=\"https:\/\/www.dirkhilger.de\/wp-content\/uploads\/2024\/08\/Reference.png 954w, https:\/\/www.dirkhilger.de\/wp-content\/uploads\/2024\/08\/Reference-300x169.png 300w, https:\/\/www.dirkhilger.de\/wp-content\/uploads\/2024\/08\/Reference-768x431.png 768w\" sizes=\"(max-width: 185px) 100vw, 185px\" \/><\/a><\/p>\n<p>&nbsp;<\/p>\n<p>&nbsp;<\/p>\n","protected":false},"excerpt":{"rendered":"<p>Mein Name ist Dirk Hilger und ich bin der Entwickler der Plattform StereoTrader. Im Januar 2018 habe ich diesen Blog begonnen um DayTradern meine Sicht auf die M\u00e4rkte zu vermitteln sowie Trading-Chancen zu beschreiben. Gleichzeitig war die Gruppe &#8222;Traders Club StereoTrader&#8220; bei Facebook Anlaufstelle f\u00fcr meinen Blog, f\u00fcr StereoTrader-User und sonstige Interessierte. Im Juli 2023 &hellip; <\/p>\n<p class=\"link-more\"><a href=\"https:\/\/www.dirkhilger.de\/\" class=\"more-link\"><span class=\"screen-reader-text\">\u201eHerzlich Willkommen!\u201c<\/span> weiterlesen<\/a><\/p>\n","protected":false},"author":1,"featured_media":0,"parent":0,"menu_order":0,"comment_status":"closed","ping_status":"open","template":"","meta":{"footnotes":""},"class_list":["post-2","page","type-page","status-publish","hentry"],"_links":{"self":[{"href":"https:\/\/www.dirkhilger.de\/index.php?rest_route=\/wp\/v2\/pages\/2"}],"collection":[{"href":"https:\/\/www.dirkhilger.de\/index.php?rest_route=\/wp\/v2\/pages"}],"about":[{"href":"https:\/\/www.dirkhilger.de\/index.php?rest_route=\/wp\/v2\/types\/page"}],"author":[{"embeddable":true,"href":"https:\/\/www.dirkhilger.de\/index.php?rest_route=\/wp\/v2\/users\/1"}],"replies":[{"embeddable":true,"href":"https:\/\/www.dirkhilger.de\/index.php?rest_route=%2Fwp%2Fv2%2Fcomments&post=2"}],"version-history":[{"count":23,"href":"https:\/\/www.dirkhilger.de\/index.php?rest_route=\/wp\/v2\/pages\/2\/revisions"}],"predecessor-version":[{"id":7212,"href":"https:\/\/www.dirkhilger.de\/index.php?rest_route=\/wp\/v2\/pages\/2\/revisions\/7212"}],"wp:attachment":[{"href":"https:\/\/www.dirkhilger.de\/index.php?rest_route=%2Fwp%2Fv2%2Fmedia&parent=2"}],"curies":[{"name":"wp","href":"https:\/\/api.w.org\/{rel}","templated":true}]}}